ose 72*v - 73*v - 7 = 0. Let b(k) = -4*k + 8 - 3 + k + 4. Let c(j) = 10*j - 28. Let x(t) = v*b(t) - 2*c(t). What is x(5)?
-2
Let s(x) = -x**2 + x. Let c be s(0). Suppose c = 5*q - 2*q + 24. Let o be q/24*(-3 - 0). Let j(n) = -12*n + 1. Determine j(o).
-11
Let s = 52858 - 52861. Let r(j) = -j**2 - 1 - 4*j**2 - j + j**2 - j**3. Calculate r(s).
-7
Let h(j) be the first derivative of -4*j**3 + 3*j**2/2 + j + 511. Give h(-1).
-14
Let b(f) = 414*f**2 + 26*f + 160. Let k(n) = -81*n**2 - 5*n - 31. Let q(y) = 6*b(y) + 31*k(y). What is q(-1)?
-29
Let c(x) = x**3 + 7*x**2 - 8*x - 5. Suppose 8*m + 44 = 11*m - 4*s, -4*m + 3*s = -47. Let y be -5 + m + 0 + -11. Give c(y).
-5
Let a(h) be the first derivative of -h**4/4 - 3*h**3 + 8*h - 6605. What is a(0)?
8
Suppose -41*v + 0*v = 164. Let x(f) be the second derivative of -1/3*f**4 - f + f**2 - 1/20*f**5 + 2/3*f**3 + 0. What is x(v)?
-14
Suppose -2*i + 6 = 0, 4*y + i - 6*i = -35. Let a(z) = -9*z - 7. Let b(m) = 40*m + 29. Let d(t) = 9*a(t) + 2*b(t). Give d(y).
0
Let w be (-135)/(-9)*(1 - 2). Let m(v) = v**3 + 14*v**2 - 18*v - 41. Determine m(w).
4
Let a be ((-76 + 2)/(-2))/(-1). Suppose 0 = 17*z + 838 - 243. Let l = z - a. Let i(n) = -n**3 + n**2 + 2*n - 2. Determine i(l).
-2
Let y(g) = -30*g - 58. Let u be y(-2). Suppose 3*h - 78 = 2*w, 10*h + w = 5*h + 130. Let m(s) = -24*s + 8*s + 3 + h*s + 0 + s**u. Give m(-9).
-6
Suppose -5*l - 1 = -6*l. Let b be (-10)/20 - l/2. Let k(c) = 20*c**2. Give k(b).
20
Let f(y) = -y**2 - 7*y - 8. Let m be (-1)/3 + (-9031)/33. Let r = m - -267. Give f(r).
-8
Let f(t) be the first derivative of 5*t**2/2 - 120*t - 4. Calculate f(32).
40
Let r be -6 - (3/(-6) - 6/(-12)). Let u(z) = z**2 + 5*z - 9. Give u(r).
-3
Let m(w) = 7*w - 48. Let t be 11/(-22)*10 - -13. Calculate m(t).
8
Let m(q) = -31*q**2 - 7*q + 2. Let j be (-4)/6*(-5 - (-14 + 3)). Let b(k) = -14*k**2 - 3*k + 1. Let d(y) = j*m(y) + 9*b(y). Calculate d(1).
0
Let g(s) = -28*s - 48. Let y(o) = 22*o + 36. Let n(d) = -3*g(d) - 4*y(d). Give n(9).
-36
Let o(y) be the second derivative of 45/2*y**2 - 1/4*y**4 + 5/6*y**3 + 25*y + 2 - 1/60*y**5. Let g(u) be the first derivative of o(u). What is g(-7)?
-2
Let b(k) = k + 1. Let a(t) be the second derivative of 0 - 2*t**2 - 30*t - 2/3*t**3. Let u(d) = 6*a(d) + 21*b(d). Give u(4).
-15
Let f(y) = -11*y**2 + 19*y - 33. Let u be (1 - 5)/1 + (-20)/(-4). Let p(b) = -2*b**2 + b - 2. Let l(z) = u*f(z) - 6*p(z). Determine l(-15).
9
Suppose -3*n - 22 = -3*d - n, 5*d - 3*n = 37. Let y be d/(-20)*(-2 + -3). Suppose -4*u = -6*z + y*z - 36, -u = 3*z - 1. Let h(o) = o - 5. Give h(u).
2
Let h(y) = -2*y**2 + 3*y + 2. Suppose 17*m - 12*m - 25 = 0. Let s be (-15 + 18 - (-1 + -18)) + -4. Suppose 6*l = -m*z + l + 10, s = -5*z + 2*l. Determine h(z).
-12
Let x(t) be the second derivative of -2/3*t**3 - 144 - 1/12*t**4 - 2*t + 0*t**2. Determine x(-5).
-5
Let r(f) = -f**3 + f**2 - 4. Let i = 104 + -102. Suppose -2*j + j = 0, -j = -5*n + 30. Suppose -4*y + n*y = -i*y. Give r(y).
-4
Let a(n) = 7*n**3 + 36*n**2 + 11*n + 17. Let z(r) = -5*r**3 - 28*r**2 - 12*r - 16. Let y(l) = 2*a(l) + 3*z(l). Determine y(-11).
19
Let v = 785 - 717. Suppose -v = -15*b - 2*b. Let y(q) = -q**2 + q. Calculate y(b).
-12
Let z(o) = -2*o - o**2 - 11*o + o**3 + 18 + 0*o**2 - 10*o**2 + 0*o. Let g(w) = -w**3 + 10*w**2 - 15*w + 4. Let d be g(8). What is z(d)?
6
Let g(m) = -33*m + 437 - 53*m + 109*m - 49 - 119*m. What is g(4)?
4
Let i(r) = -7*r**2 - 9*r - 76. Let a(s) = s**2 - s + 6. Let o(c) = -6*a(c) - i(c). What is o(-11)?
-4
Let j(k) = 29*k**2 + 76*k + 44. Let d(n) = -45*n**2 - 114*n - 66. Let u(w) = -5*d(w) - 8*j(w). Calculate u(-5).
-7
Let q(m) = m**2 - 17*m + 31. Let b = 338 + -320. Suppose 26*d = -b + 408. What is q(d)?
1
Let y = 336 + -333. Let b be (1*y)/(-1) + 43 + -38. Let n(f) = 4*f**2 - f**2 - f**3 - 1 + 2. Give n(b).
5
Let o(h) = 16*h - 50. Let q(z) be the third derivative of -3*z**4/8 + 13*z**3/3 + 6*z**2 - 16. Let p(n) = -3*o(n) - 5*q(n). Determine p(8).
-4
Let f(i) = 240*i + 153. Let l(t) = -60*t - 35. Let y(p) = -2*f(p) - 9*l(p). Give y(-2).
-111
Let m(t) = 6*t**2 + 25*t + 214. Let y(c) = 7*c**2 + 21*c + 215. Let u(z) = -6*m(z) + 5*y(z). What is u(-40)?
-9
Let j(r) = -2*r**3 + 13*r**2 - 5*r - 5. Suppose -5*l = 2*s - 36, -90*l + s = -93*l + 21. Calculate j(l).
1
Suppose 0 = y + 104 - 110. Let l(z) = -508*z**3 + 8*z**2 - 512*z**3 - 15 + 1019*z**3 - y*z. Calculate l(7).
-8
Let k(o) = -10*o**2 + 6*o - 8. Let t(y) = -11*y**2 + 8*y - 9. Let b(v) = -6*k(v) + 5*t(v). Let z = 32 - 33. Give b(z).
4
Let l(z) be the third derivative of z**5/20 + 2*z**4/3 - z**3/2 + 13*z**2 + 30*z. Calculate l(-7).
32
Suppose 5*w + 12 + 13 = 0. Let s(t) = 2*t**3 - 6*t**2 - 3*t - 5. Suppose 5*o - 16 = 21*o. Let m(b) = 3*b**3 - b**2 + 1. Let q(f) = o*m(f) + s(f). What is q(w)?
9
Let x = 76 - 446. Let h = x + 373. Let c(i) = 2*i + 2. What is c(h)?
8
Let p(l) = 14*l. Suppose 4*r - 2 = -u + 2, -2*r = 0. Suppose 25 = u*a - 7. Suppose -7*j - a = j. Give p(j).
-14
Let k(v) be the first derivative of v**2 - v + 1. Let f(d) = -115*d - 8852. Let j be f(-77). Calculate k(j).
5
Let r(h) be the first derivative of -h**2 - 9*h + 3388. Give r(0).
-9
Let y(g) = g**2. Let l(z) = -z**2 - 15. Let o(q) = l(q) + 2*y(q). Let v(x) = -x + 3. Let i be v(5). Let a be (-1)/2 - i/4. Calculate o(a).
-15
Let k(p) be the first derivative of -p - 1/2*p**2 + 59. Determine k(6).
-7
Let h(w) = -w**3 - 15*w**2 - w - 8. Suppose -1265*p - x + 72 = -1270*p, -2*p = -5*x + 15. Give h(p).
7
Let t(h) = 2*h - 8. Let r(i) = -i - 1. Let v(w) = 3*w - 1. Let y(f) = 2*r(f) + v(f). Let k be y(9). Suppose -k = -3*c, -c = -4*l + c + 24. What is t(l)?
6
Let g(j) = 5*j - 89. Let z(t) = -t + 19. Let v(u) = -g(u) - 4*z(u). Let y(p) = -2*p**2 + 12*p - 7. Let h be y(5). Let i be -7*(0 - (h + -2)). Determine v(i).
6
Let z(c) = 172 - 43 - 5 - 9 + 33*c. What is z(-4)?
-17
Let i(y) = -16 - 8*y - 19*y + 0*y - 6*y - 181218*y**3 + 181219*y**3 - 8*y**2. What is i(11)?
-16
Let r(z) = 114*z + 9*z - 119*z - 1. Let k(t) = t**2 - 4*t - 5. Let u be k(4). Determine r(u).
-21
Let y(x) = x**2 - 2*x + 38. Let g(t) = -t**2 + 112*t + 4433. Let u be g(143). Give y(u).
38
Suppose 0 = 1075*p - 1101*p - 26. Let d(x) = x + 9. What is d(p)?
8
Suppose 30 = -138*n + 141*n + b, -5*n + 54 = b. Let a(y) = 3*y - 52. What is a(n)?
-16
Let f(g) = -14*g + 20 - 7*g + 27*g - 3*g. Determine f(-11).
-13
Let z(w) be the second derivative of w**5/10 - 3*w**4/4 + w**3/6 + 13*w**2/2 + 3715*w. Determine z(4).
1
Let s(z) = 3*z - 3. Let d(a) = -8*a + 12. Let m(h) = 6*h - 125. Let x be m(22). Let w(b) = x*s(b) + 2*d(b). Calculate w(-2).
-7
Let l(p) = -6*p**3 + 52 - 33*p - 120 - 16*p**2 + 2*p**3 + 3*p**3. Calculate l(-14).
2
Let r = -387 + 489. Suppose -r = -115*v + 98*v. Let t(p) = 2*p**2 - 11*p - 4. Calculate t(v).
2
Let o(s) = -5*s**2 - 2*s + 4. Let v(r) = -11*r**2 - 2*r + 8. Let f(q) = -13*o(q) + 6*v(q). What is f(6)?
44
Let s be 3/(-27) - (-133)/63. Let h(r) = 18 - 12 - r**3 + 14*r**s - 15*r**2. Determine h(0).
6
Let k = 954 + -952. Let q(g) = 4*g**3 + 4*g**2 - 2*g + 1. Let p(y) = y**2 - y + 2. Let w(v) = -p(v) + q(v). Give w(k).
41
Let b = -30 - -80. Let m = b - 42. Let r(g) = 9 + 1 + m*g - 2 - g**2 - 14. Calculate r(8).
-6
Let f(v) = v**2 + 9*v + 6. Let o be f(-11). Let t be 164/14 - (-8)/o. Suppose 0 = 3*a - 4*q - 0 - 26, t = a - 2*q. Let k(p) = p**3 - p**2 - 2*p + 2. Give k(a).
2
Let w be 57/(-95)*(80/(-6))/4. Let u(l) = 2 - 4 + 3 + l + l. Let p(g) = 3*g + 2. Let s(h) = 5*p(h) - 8*u(h). Give s(w).
0
Suppose 84*s - 118 - 386 = 0. Let b(f) = f**3 - 6*f**2 + 3*f + 11. Calculate b(s).
29
Let q(m) = -8*m + 168. Let p = -4111 + 4133. Calculate q(p).
-8
Suppose 2*b - 2*y = -2*b - 408, 2*b = -2*y - 192. Let i = 114 + b. Suppose -39 = 5*d - i. Let k(w) = -w + 3. What is k(d)?
8
Let o(g) be the first derivative of -g**3/3 - 8*g**2 + 11*g + 2074. Determine o(-14).
39
Let o = -3 + 0. Let h(k) = 23*k**2 + 5*k + 9. Let x be h(o). Let z(y) = -7*y**2 - 4*y**3 + x - 197 + 3*y**3 + 11*y. What is z(-8)?
-20
Let s(p) be the third derivative of p**5/15 + 47*p**4/24 - p**3 + 3*p**2 - 361*p. Calculate s(-12).
6
Let f(u) be the third derivative of -u**5/5 - u**4/24 + u**3/3 - 5*u**2 - 5*u + 9. Determine f(1).
-11
Let s(i) = i**2 + 3*i - 1. Suppose -3*j - 2*o + 4 = 0, 0